he remainder when 17018 is divided by 115?
113
Calculate the remainder when 5989 is divided by 860.
829
What is the remainder when 108870 is divided by 30?
0
What is the remainder when 2140 is divided by 23?
1
Calculate the remainder when 23291 is divided by 2546.
377
What is the remainder when 27493 is divided by 9145?
58
What is the remainder when 6116 is divided by 237?
191
Calculate the remainder when 58266 is divided by 577.
566
What is the remainder when 371 is divided by 156?
59
What is the remainder when 303382 is divided by 82?
64
What is the remainder when 2125 is divided by 88?
13
Calculate the remainder when 100568 is divided by 9.
2
What is the remainder when 886 is divided by 226?
208
What is the remainder when 74277 is divided by 2122?
7
Calculate the remainder when 356816 is divided by 331.
329
Calculate the remainder when 5255 is divided by 1744.
23
Calculate the remainder when 24385 is divided by 119.
109
Calculate the remainder when 3351 is divided by 1658.
35
Calculate the remainder when 788 is divided by 29.
5
What is the remainder when 5933 is divided by 371?
368
What is the remainder when 26674 is divided by 126?
88
Calculate the remainder when 16762 is divided by 1861.
13
What is the remainder when 392321 is divided by 114?
47
Calculate the remainder when 3372 is divided by 100.
72
Calculate the remainder when 30110 is divided by 18.
14
Calculate the remainder when 224196 is divided by 237.
231
What is the remainder when 1936129 is divided by 74?
67
Calculate the remainder when 566930 is divided by 271.
269
Calculate the remainder when 5822 is divided by 2883.
56
Calculate the remainder when 1007 is divided by 341.
325
What is the remainder when 386834 is divided by 63?
14
Calculate the remainder when 5018194 is divided by 289.
287
Calculate the remainder when 1919 is divided by 353.
154
Calculate the remainder when 5230 is divided by 145.
10
What is the remainder when 65134 is divided by 68?
58
Calculate the remainder when 286 is divided by 124.
38
What is the remainder when 1925 is divided by 176?
165
What is the remainder when 50395 is divided by 123?
88
What is the remainder when 361203 is divided by 13?
11
Calculate the remainder when 19738 is divided by 2818.
12
What is the remainder when 14650 is divided by 111?
109
What is the remainder when 2917 is divided by 19?
10
What is the remainder when 313 is divided by 261?
52
Calculate the remainder when 195860 is divided by 27980.
0
What is the remainder when 2524 is divided by 2063?
461
What is the remainder when 6791 is divided by 1358?
1
What is the remainder when 246712 is divided by 64?
56
What is the remainder when 324 is divided by 289?
35
What is the remainder when 35669 is divided by 364?
361
What is the remainder when 14176 is divided by 8?
0
Calculate the remainder when 216792 is divided by 46.
40
Calculate the remainder when 22308 is divided by 294.
258
Calculate the remainder when 32332 is divided by 17.
15
What is the remainder when 1910 is divided by 951?
8
What is the remainder when 36982 is divided by 270?
262
What is the remainder when 18308 is divided by 1529?
1489
What is the remainder when 4454 is divided by 1098?
62
Calculate the remainder when 269943 is divided by 67479.
27
What is the remainder when 1012 is divided by 203?
200
What is the remainder when 68487 is divided by 7603?
60
Calculate the remainder when 115369 is divided by 16481.
2
What is the remainder when 917534 is divided by 229383?
2
Calculate the remainder when 20929 is divided by 975.
454
What is the remainder when 3511 is divided by 883?
862
What is the remainder when 6802 is divided by 230?
132
What is the remainder when 10472 is divided by 5213?
46
Calculate the remainder when 36505 is divided by 6079.
31
What is the remainder when 12100 is divided by 3866?
502
Calculate the remainder when 447912 is divided by 186.
24
Calculate the remainder when 19884 is divided by 498.
462
What is the remainder when 26097 is divided by 50?
47
Calculate the remainder when 9116 is divided by 1371.
890
Calculate the remainder when 9693 is divided by 118.
17
What is the remainder when 2884 is divided by 503?
369
Calculate the remainder when 598207 is divided by 12.
7
What is the remainder when 12729 is divided by 2114?
45
Calculate the remainder when 725 is divided by 289.
147
Calculate the remainder when 1524 is divided by 412.
288
What is the remainder when 246898 is divided by 113?
106
What is the remainder when 13983 is divided by 13961?
22
Calculate the remainder when 80615 is divided by 3660.
95
Calculate the remainder when 21422 is divided by 206.
204
Calculate the remainder when 142993 is divided by 106.
105
Calculate the remainder when 53828 is divided by 13453.
16
What is the remainder when 89339 is divided by 341?
338
What is the remainder when 10180 is divided by 10171?
9
Calculate the remainder when 35810 is divided by 5082.
236
What is the remainder when 472326 is divided by 2118?
12
Calculate the remainder when 1290 is divided by 72.
66
Calculate the remainder when 1707484 is divided by 1205.
1204
Calculate the remainder when 1501 is divided by 140.
101
What is the remainder when 23815 is divided by 148?
135
What is the remainder when 9377 is divided by 1245?
662
Calculate the remainder when 16252 is divided by 16.
12
Calculate the remainder when 8232 is divided by 1446.
1002
What is the remainder when 36733 is divided by 14?
11
Calculate the remainder when 695 is divided by 443.
252
What is the remainder when 46723 is divided by 383?
380
Calculate the remainder when 20504 is divided by 20493.
11
What is the remainder when 28334 is divided by 145?
59
Calculate the remainder when 60861 is divided by 215.
16
What is the remainder when 1239431 is divided by 80?
71
Calculate the remainder when 25187 is divided by 3148.
3
What is the remainder when 5247 is divided by 476?
11
What is the remainder when 930698 is divided by 465344?
10
What is the remainder when 430646 is divided by 261?
257
Calculate the remainder when 1112 is divided by 4.
0
What is the remainder when 66296 is divided by 59?
39
What is the remainder when 91766 is divided by 309?
302
What is the remainder when 34680 is divided by 781?
316
What is the remainder when 14951 is divided by 3655?
331
What is the remainder when 32122 is divided by 616?
90
Calculate the remainder when 219954 is divided by 468.
462
What is the remainder when 21550 is divided by 12?
10
Calculate the remainder when 766 is divided by 174.
70
Calculate the remainder when 5009302 is divided by 7.
4
What is the remainder when 36059 is divided by 104?
75
What is the remainder when 12799 is divided by 52?
7
Calculate the remainder when 30317 is divided by 1596.
1589
What is the remainder when 183994 is divided by 64?
58
What is the remainder when 1869 is divided by 22?
21
Calculate the remainder when 22801 is divided by 1420.
81
What is the remainder when 3015 is divided by 91?
12
Calculate the remainder when 3311 is divided by 826.
7
Calculate the remainder when 22941 is divided by 997.
10
What is the remainder when 28308 is divided by 143?
137
Calculate the remainder when 51254 is divided by 44.
38
Calculate the remainder when 12910 is divided by 34.
24
Calculate the remainder when 39384 is divided by 107.
8
Calculate the remainder when 304131 is divided by 554.
539
What is the remainder when 112658 is divided by 141?
140
What is the remainder when 3612837 is divided by 510?
507
What is the remainder when 4429 is divided by 1024?
333
What is the remainder when 107380 is divided by 459?
433
What is the remainder when 4372 is divided by 723?
34
What is the remainder when 5683226 is divided by 11?
10
Calculate the remainder when 11585 is divided by 11564.
21
Calculate the remainder when 45368 is divided by 15122.
2
What is the remainder when 37854 is divided by 37833?
21
What is the remainder when 115371 is divided by 134?
131
Calculate the remainder when 2075 is divided by 19.
4
What is the remainder when 7826 is divided by 178?
172
What is the remainder when 2985 is divided by 1963?
1022
What is the remainder when 165839 is divided by 7897?
2
What is the remainder when 10916 is divided by 24?
20
Calculate the remainder when 36096 is divided by 62.
